d 27?
1
Let g = -4112 - -4134. Suppose -5*u - 5*m + 60 = 0, u + 2*m - 20 = 5*m. What is the highest common factor of u and g?
2
Let q be ((-77)/(-385))/((-5)/(-925)). Let t(r) = 3*r**3 - 8*r**2 + 8*r - 1. Let g be t(6). What is the highest common factor of q and g?
37
Let j(s) = -s**3 - 22*s**2 - 39*s + 16. Let p be j(-20). Let h be 544/3 - (p/(-12) - 1). What is the greatest common factor of 14 and h?
14
Suppose 20*v = -400*v - 293*v + 158286. Calculate the greatest common factor of 148 and v.
74
Let g be 2/(4/2) + 1. Suppose -56 = -2*k + 16*k. Let c(d) = 4*d**2 + 14*d + 10. Let i be c(k). Calculate the greatest common divisor of i and g.
2
Suppose -5*c = -m - 135, -58 = -3*c - 10*m + 6*m. Suppose 27*x = 28*x - c. What is the highest common factor of 13 and x?
13
Let o = 51 + -77. Let f(q) = -22*q - 194. Let y be f(o). Calculate the greatest common factor of y and 42.
42
Suppose -6*i = -5*i. Suppose i = n - 2 - 1. Suppose -4*x + 15 = -b, -4*b - b = n*x + 6. What is the greatest common divisor of x and 33?
3
Let k = 10977 + -5543. What is the greatest common factor of 22 and k?
22
Let k(r) = -r**3 + 17*r**2 - 9*r + 23. Let l be k(11). Let s be 3 + 52 - (11 - 6). What is the greatest common divisor of l and s?
50
Suppose -y - 5*x + 99 = 0, -5*x - 17 = -32. Calculate the greatest common divisor of y and 343.
7
Let t(s) = s**2 + 7*s - 2568. Let h be t(-55). What is the greatest common divisor of h and 3048?
24
Let n be 2748/(-7 - (81 + -82 + (-8 - 0))). What is the highest common factor of n and 6?
6
Let a(l) = -76*l - 4784. Let v be a(-65). What is the greatest common factor of v and 2548?
52
Let c(v) = -v**2 + v - 1. Let y(a) = -50*a**2 - a. Let x(m) = 4*c(m) - y(m). Let g be x(-2). What is the greatest common divisor of g and 34?
34
Let a = 188 + -151. Suppose -a*h + 43*h - 930 = 0. What is the highest common factor of h and 5?
5
Suppose 3*a - 3*g = 7*a - 204, 2*g + 184 = 4*a. What is the highest common factor of 6024 and a?
24
Suppose 0 = 15*x - 13*x + 20*x - 149688. What is the greatest common divisor of 224 and x?
28
Let j be 286 + (0 - 1)/(-1). Let z be (-24)/(-6) + -5 + 4 + 314. Suppose -12*y + z = -175. What is the highest common divisor of y and j?
41
Let x(p) = p**2 + 3*p + 428. Let k be x(0). Suppose -28*n + 804 + k = 0. What is the greatest common factor of 4 and n?
4
Suppose 930 + 1014 = -8*j. Let k = -138 - j. Calculate the greatest common divisor of 63 and k.
21
Let n(w) = -w**3 - 6*w - 5. Let o be n(-2). Let g be 16/8 - (0 - 0). Let j be (o/g)/((-14)/(-28)). What is the greatest common factor of j and 5?
5
Let k be (-336)/840 - 92/(-5). Calculate the highest common divisor of 5580 and k.
18
Let g(v) = 53*v - 120 - 91*v + 50*v. Let i be g(12). What is the greatest common divisor of 296 and i?
8
Suppose 129 = 5*j + 9. Let z be (-1)/(-2)*(j + 18). Suppose 3*q + 0*q - 252 = 0. Calculate the greatest common divisor of z and q.
21
Let d(m) = m**3 + 3*m**2 - 4*m + 2. Let n be d(2). Let f(c) = -2*c**2 + 44*c + 70. Let x be f(21). Calculate the greatest common factor of n and x.
14
Let r = -57 - -99. Let t(c) = -216*c**2 - 5196*c - 8. Let j be t(-24). What is the greatest common factor of r and j?
14
Suppose -29*d = -54465 - 65827. Calculate the highest common divisor of d and 204.
68
Suppose -2 + 108 = 4*v + u, -32 = -v - 3*u. Let b = 128 + -75. Suppose 43*g - 33 - b = 0. What is the greatest common factor of g and v?
2
Suppose 390*u - 408*u + 63019 - 22069 = 0. Calculate the highest common divisor of u and 525.
175
Let x = 259 + -264. Let b = x + 65. What is the highest common divisor of 180 and b?
60
Let i be 80/(-16) - (-6 - -1). Let s = i + 240. Suppose -s = -113*v + 109*v. Calculate the greatest common divisor of v and 40.
20
Suppose 2*l - 5*n = -13 + 66, -62 = -3*l + 4*n. Let y be (-4)/l + 1341/63. Let g be 2528/24 + (-1)/6*2. What is the highest common divisor of g and y?
21
Suppose 4*j - 682 + 106 = 0. Let q = 29169 - 29153. What is the highest common factor of q and j?
16
Suppose -19*r = -525 - 1299. Calculate the highest common divisor of 6432 and r.
96
Let m be (5/((-25)/20))/(-2 - 2) + 17. Calculate the greatest common divisor of m and 3033.
9
Let s = 13591 + -12835. Calculate the greatest common divisor of 84 and s.
84
Let l = -68 + 41. Let v = 922 - 951. Let w = l - v. What is the highest common factor of w and 10?
2
Suppose -5*d = -29 - 61. Let o be (31/(-3))/(371/42 - 9). Suppose 10*r - o = 58. What is the highest common factor of d and r?
6
Let d be 45*20/(-15)*1023/(-220). Calculate the greatest common factor of d and 711.
9
Let a be (-4)/((-4)/(-5))*(-5 - -3). Suppose 7*j - 33 = -5. What is the highest common divisor of j and a?
2
Let c be 7 + -7 - (0 + -1) - -14. Let m = c - 14. Let u be (-2 + (-2 - -12))*m. What is the highest common factor of 32 and u?
8
Let z be 2/(-18) + -2*2768/72. Let n = z + 101. Calculate the highest common divisor of n and 30.
6
Let q(a) = -11*a - 11. Let r be q(-7). Let w = r + -82. Let n be w/(-64) + 0 + 11/4. Calculate the greatest common divisor of 3 and n.
3
Let t be (0 - -5)/((-180)/(-72)). Let y be -2 + (-1)/(-1) + 13. Suppose t*x - y = -10. What is the greatest common divisor of 4 and x?
1
Suppose 0 = -3*t - t + 8. Suppose 5*s - 2*w = 109, -5 = t*w - 1. What is the highest common factor of 273 and s?
21
Suppose -3*z = -b - 71, 2*z + 2*b - 42 = 8. Suppose 0 = -267*v + 269*v - 2*s - 812, s = -2*v + 818. What is the greatest common divisor of z and v?
24
Let c(m) = -49*m + 1. Let s be c(-2). Suppose 2*i - 3*h = 16, 3*i + 2*h = 25 + 12. Let n be (-38 - -36)*i/(-2). Calculate the greatest common factor of n and s.
11
Let i(x) = -2*x**2 - 8*x - 10. Let g be i(-6). Let m = g - 2. Let z = m + 48. What is the greatest common factor of z and 30?
6
Suppose -22*w + 2451 = 251. Calculate the highest common divisor of 405 and w.
5
Suppose 3*v + v + 40 = 4*c, -4*c - v = -50. Suppose 19*z - 21*z = -6. Suppose a = -0*a + z. Calculate the greatest common factor of c and a.
3
Let z be (20/(-30))/((-2)/27). Let p(h) = -59*h**3 + 3*h**2 + 2*h - 3. Let s be p(-2). Calculate the greatest common factor of z and s.
9
Suppose k + 88 = -0*m - 4*m, m - 140 = 2*k. Let p be -59 - k - (-1)/(2/2). Calculate the greatest common factor of p and 511.
7
Suppose 0 = -4*t - 3*t + 266. Let l be (-1)/(-4) - t/(-8). Suppose l*g - 3*n - 103 = -24, 2*g - 19 = -3*n. Calculate the highest common divisor of g and 70.
14
Let g(r) = r**3 - 10*r**2 + 4*r - 32. Let t be g(10). Suppose t*h = 173 - 125. Let f be 268/9 - 4/(-18). What is the highest common factor of f and h?
6
Let d(z) = -3*z**3 - 296*z**2 + 104*z + 533. Let j be d(-99). What is the greatest common divisor of j and 382?
2
Let s(k) = 41*k**3 + 4*k**2 + 141*k - 580. Let d be s(4). What is the highest common factor of 1169 and d?
167
Let t be -33*12/(-36) + 2098. Calculate the highest common divisor of 777 and t.
111
Let z be (-24)/22*(-99)/18. Suppose -5*p - 450 = -1200. What is the highest common factor of z and p?
6
Let v(m) = m**3 + 6*m**2 - 2*m. Let t be (10/20)/(2/(-28)). Let g be v(t). Let u = g + 39. Calculate the highest common divisor of u and 4.
4
Suppose 2*f - 3*v - 11239 - 32520 = 0, -5*f = 4*v - 109478. What is the greatest common factor of 110 and f?
110
Let v = 45 + -13. Let l(n) = 45*n**2 - 24*n - 73. Let h be l(-3). Let k be 101/h - 15/(-4). Calculate the highest common divisor of v and k.
4
Let j = 32710 - -985. Calculate the greatest common divisor of 115 and j.
115
Let i(h) = h**3 - 8*h**2 + 6*h + 16. Let v be i(8). Let a = v - -18. Let b = a + -34. What is the greatest common factor of 12 and b?
12
Let w(n) = 7*n - 3. Let h be w(0). Let r(d) = d**3 + 4*d**2 + d + 3. Let t be r(h). Calculate the greatest common divisor of 39 and t.
3
Suppose s + q = -0*s - 2, 0 = -5*s - 4*q - 6. Suppose -3*j - s*v + 210 = 0, -348 = -3*j - 2*j - 4*v. Calculate the greatest common divisor of 3 and j.
3
Let x be 2/(-3) - 94/(-6). Let w(p) = 13*p - 57. Suppose 5*m - 25 = 2*l + 14, -4*l = 3*m - 39. Let j be w(m). Calculate the greatest common divisor of j and x.
15
Let i be 1414/119 - 10/(-170)*2. Suppose -8 = -2*g, 16 = 2*l - 2*g + 3*g. What is the highest common factor of i and l?
6
Suppose -4*d = -12, 5*x + 5*d = 25*x - 1325. Calculate the highest common divisor of 